+ 7 = -r. Let d(l) = 30*l + 2385. Calculate the remainder when d(-78) is divided by r.
3
Let h = -32684 - -32695. Let c(f) = -35*f. Calculate the remainder when c(-2) is divided by h.
4
What is the remainder when (205 - 120/(-12)) + (0 - 1) is divided by 73?
68
Let o(n) = -n**3 - 7*n**2 - 2*n + 10. Suppose -6*z - 45 = -3. Let v be o(z). Let x(j) = -j + 27. Calculate the remainder when x(v) is divided by 3.
0
Let b = -168 + 181. Suppose -5*l + 602 = -b. Calculate the remainder when l is divided by 6.
3
Suppose -6*r = 2*r - 24. Let c be (3 - 27/7)/(r/126). Let n = c - -95. What is the remainder when n is divided by 15?
14
Let k be -32 + 23 - (-2671 - 0). Suppose k = 15*y + 337. What is the remainder when y is divided by 52?
51
Let l(r) = 34*r + 147. Let g(c) = -12*c - 49. Let o(z) = 8*g(z) + 3*l(z). What is the remainder when 96 is divided by o(0)?
47
Let s = 16742 - 16736. Let r(f) = 2*f**2 - 5*f - 2. What is the remainder when r(4) is divided by s?
4
Calculate the remainder when 139 is divided by ((-3)/(-1)*(-10)/(-12))/(3606/7212).
4
Let q = -170 + 173. Suppose q*p - t = 5*p - 39, 0 = p - 4*t - 42. What is the remainder when 174 is divided by p?
20
Let y(v) = -4*v**2 + 30*v + 5. Suppose 2 + 6 = 2*t. What is the remainder when 4 + (-276)/(t + -8) is divided by y(7)?
16
Let c = 58 + 4. Suppose c + 289 = 13*z. What is the remainder when 104 is divided by z?
23
Let q(u) = -463*u + 2839. What is the remainder when 537 is divided by q(6)?
49
Suppose 0 = -9*y + 6*y + 2*u + 703, -3*y - 5*u + 731 = 0. What is the remainder when y is divided by 10?
7
Let c = 6914 - 5326. What is the remainder when c is divided by 15?
13
Let g(u) = u**2 - 36*u + 5. Let y be g(37). Calculate the remainder when 124 is divided by 7*3/63*y.
12
Suppose -2*x = -6*x - 4*v + 84, 2*x - 58 = 2*v. What is the remainder when 96*(2/4)/(9 - 80/10) is divided by x?
23
Let g be -8 + 1225/28 - (-2)/8. Suppose 0 = -4*x - 3*t - t + g, -x + 2*t + 3 = 0. Let l = 233 - 145. What is the remainder when l is divided by x?
4
Suppose -b + 2 = -3. Let t(j) = -17 + 6*j**2 + 21 - 9*j + 26*j - 8*j - 21*j. What is the remainder when t(b) is divided by 25?
19
Suppose 0 = -s - s - 2, -q + 4*s - 11 = 0. Let g(j) = -2*j**3 - 7*j**2 + 13*j - 6. Calculate the remainder when g(-5) is divided by 6/q + 34/10.
1
Let c(t) = -1 + 21 - 6*t - 6*t + 58. Calculate the remainder when c(-5) is divided by 49.
40
Suppose 155*w - 6934 - 4053 = 5288. What is the remainder when w is divided by (-1372)/(-42) + (-2)/(-6)*-2?
9
Let p = -404 - -406. Suppose -20 = -p*b - 3*a, -b + 7 + 3 = 4*a. What is the remainder when 139 is divided by b?
9
Let t = 123 + -131. Let a be 7 + t + (5 - -2 - -2). What is the remainder when 113 is divided by -102*(-3)/a + 3/4?
35
Suppose -12*t = -2*t - 5180. Suppose -112 = -9*i + t. Suppose -3*o = -5*y + i, 6*o = y + 3*o - 2. What is the remainder when y is divided by 11?
6
Suppose -4*q + 21 = 3*u, 3*q = 6*u - 2*u - 3. Calculate the remainder when 320/256 - 3/(-12)*175 is divided by (-3)/(1*q/(-12)).
9
Suppose -4*n + 45*z + 6031 = 44*z, -1471 = -n - 5*z. Calculate the remainder when n is divided by 52.
50
Calculate the remainder when 597 is divided by 81 + 39/3 - -4.
9
Let l be 5*(-4)/10 - 200. Let s = l - -252. What is the remainder when s is divided by 16?
2
Let w = -2587 + 6702. Calculate the remainder when w is divided by 14.
13
Let d(n) = n**2 - 139*n - 770. Calculate the remainder when 797 is divided by d(-6).
97
Let f be (-8)/(-20) + 4 + 34/(-10). What is the remainder when 119 is divided by (-18 - 1)/(1/(-2)*f)?
5
Suppose 0 = 2*q - 2*r - 48, -q + 2*r - 1 + 23 = 0. Let u = q - 26. Suppose 3*y - 13*y + 400 = u. Calculate the remainder when 119 is divided by y.
39
Let c be -4 + 2 + 0/2 + -298. Let g = 431 + c. Calculate the remainder when g is divided by 23.
16
Let c = 29 - 25. Suppose -3*j - 20 = 2*j, -2*s + 14 = c*j. Calculate the remainder when 27 is divided by s.
12
Suppose 9 = -5*m + 2*d, d - 5*d = 12. Calculate the remainder when 86 is divided by -54*(-7)/14*(-2)/m.
14
Suppose 16044 = -358*h + 386*h. What is the remainder when h is divided by 72?
69
Suppose 10*g + 6 = 13*g. Suppose -2*m = u - 111, -g = -4*m - 3*u + 219. What is the remainder when 26 is divided by m/(-6)*(-12)/8?
12
Let k(c) = -17*c - 8. Let v be k(-5). Let y = 126 - v. Suppose 72 = 11*g - y. Calculate the remainder when 43 is divided by g.
10
Let k = 46 + -58. Let d be k/(-10) + 21/(-105). Suppose -3*o = d - 22. What is the remainder when o is divided by 5?
2
Let i = 99 + -92. Suppose -i*c + 405 = 2*c. Suppose -j = -5*k - 2 - 0, 4*k + 4 = j. What is the remainder when c is divided by j?
9
Calculate the remainder when (-3)/8 - 4180710/(-1168) is divided by 18.
15
Let a(p) = -5 + 9*p**2 + p**3 - 8 - 2 + 15*p + 17. What is the remainder when 57 is divided by a(-6)?
17
Suppose -52 = -n + 18. Let m = n - 74. Let t(o) = -9*o - 14. Calculate the remainder when 40 is divided by t(m).
18
Let z = -708 - 337. Calculate the remainder when 35 is divided by ((-3)/(-5))/(7 - z/(-150)).
17
Let w = 22 + -21. Let s(r) = 476*r**3 + 3*r**2 + 2*r - 4. What is the remainder when s(w) is divided by 12?
9
Let c(h) = -7*h + 8 + h**3 + 6*h**2 + 0*h**3 + 4*h - 2*h. Let v be c(-7). Calculate the remainder when (-12)/9*27/v is divided by 3.
0
Suppose 0 = -6*v + 3*v + 39. Suppose -40*d + 39*d = -4*z - 54, -4*d + 4*z + 276 = 0. Calculate the remainder when d is divided by v.
9
Suppose -a = -3*v + 9, -2*a + 3*v = -0*a + 3. Suppose 423 = -657*p + 666*p. Calculate the remainder when p is divided by a.
5
Let o be (-2 - 4)/2 + (-18)/(-1). Suppose 18*q - 57 = o*q. Calculate the remainder when q is divided by 6/(-9) + (-14)/(-3).
3
Suppose 27 = 41*d - 219. Suppose 6 = -4*o + 4*h - 26, -h = 5*o + 64. What is the remainder when (-424)/o - 2/d is divided by 9?
8
Suppose -23 = -8*q - 7. Suppose q*g - 2 + 72 = m, 5*g = -5*m + 380. Calculate the remainder when 294 is divided by m.
72
Suppose 4*b + 1099 = 3*g, 0 = 3*g + 3*b - 306 - 828. Let h = g + -290. What is the remainder when h is divided by 21?
20
Let i be -2 + ((-2)/1)/(-1). Suppose i = -2*q + 2 + 20. Calculate the remainder when -21 - -27 - (3 - 60) is divided by q.
8
Let z(j) = -j**2 + 67*j - 426. Calculate the remainder when 3034 is divided by z(8).
44
Suppose 0 = 20*q - 6 + 46. Calculate the remainder when (9/q)/(156/(-2704)) is divided by 29.
20
Suppose 0 = 3*q + 3*j - 57, -11*q + 13*q + 5*j = 29. What is the remainder when 628 is divided by q?
12
Suppose -5*s + 398 = 4*q, -3*s + 0*q + 252 = -2*q. Let d = 198 - s. What is the remainder when d is divided by 31?
23
Suppose -49*t - 35*t - 2784 = -142*t. Calculate the remainder when 1054 is divided by t.
46
Let w(f) = -f**3 - 15*f**2 - 16*f - 173. Calculate the remainder when w(-15) is divided by 57.
10
Let i = 10 - 1. What is the remainder when (-356)/(-18) + (-436)/(-1962) is divided by i?
2
Let k(h) = 7*h - 15. Let u be k(3). Suppose 0 = u*g - 33*g + 783. Calculate the remainder when 258 is divided by g.
26
Suppose -3*g + 3 = f + 5, -6 = 3*f - 3*g. Calculate the remainder when f - -3 - -3 - -54 is divided by 15*(1 + 0)/1.
13
Suppose -3*u + 5*h = -98, 15 = 5*u + 2*h - 107. What is the remainder when (-15)/9*2*-30 is divided by u?
22
Let h(n) = -13*n - 241. Let o be h(-19). Suppose 305 = o*m + 89. Calculate the remainder when 93 is divided by m.
21
Let p be ((-1)/2)/(19/(-304)). Suppose -p*b + 7*b + 31 = 0. Suppose 27*l - b*l = -56. Calculate the remainder when 55 is divided by l.
13
Suppose 10*b - 3*s = 6*b + 268, -4*b = 4*s - 296. Suppose 2*n - 814 = 2*m + 16, -n = -3*m - 411. Calculate the remainder when n is divided by b.
67
Let n(o) = 3*o**2 + 9*o - 35. Let y = -110 - -163. What is the remainder when y is divided by n(3)?
15
Let c = 24563 + -24425. Calculate the remainder when 521 is divided by c.
107
Suppose 2 = 5*q + 37. Let p(n) = 44 - 57 - n - 8*n. What is the remainder when 148 is divided by p(q)?
48
Let u(q) = 3*q**2 + 334*q - 1919. What is the remainder when 8607 is divided by u(-117)?
67
Suppose -1008 = -2*q + 4*s - 404, -3*q = -3*s - 915. What is the remainder when q is divided by 40?
28
Suppose -1340*z + 1334*z = -744. What is the remainder when 510 is divided by z?
14
What is the remainder when (593 - 2) + (-488)/(-61) is divided by 129